{"id":1839,"date":"2020-12-06T15:50:29","date_gmt":"2020-12-06T15:50:29","guid":{"rendered":"https:\/\/amz.luba.de\/index.php\/product\/kitchenaid-5fvsfga-fleischwolf-und-purieraufsatz\/"},"modified":"2022-11-28T14:09:36","modified_gmt":"2022-11-28T14:09:36","slug":"zubehorsatz-2-teilig-fvs-fga","status":"publish","type":"product","link":"https:\/\/ebay.luba.de\/index.php\/product\/zubehorsatz-2-teilig-fvs-fga\/","title":{"rendered":"Zubeh\u00f6rsatz 2-teilig  FVS\/FGA"},"content":{"rendered":"<p>Fleischwolf FGA  + P\u00fcrieraufsatz FVSP im Set (Sparpaket), zur Herstellung von naturtr\u00fcben S\u00e4ften und Mus aus Trauben, Beeren oder \u00c4pfeln.<\/p>\n","protected":false},"excerpt":{"rendered":"<p>Fleischwolf FGA + P\u00fcrieraufsatz FVSP im Set (Sparpaket), zur Herstellung von naturtr\u00fcben S\u00e4ften und Mus aus Trauben, Beeren oder \u00c4pfeln.<\/p>\n","protected":false},"featured_media":15789,"comment_status":"closed","ping_status":"open","template":"","meta":[],"product_brand":[],"product_cat":[242,202,203],"product_tag":[],"class_list":{"0":"post-1839","1":"product","2":"type-product","3":"status-publish","4":"has-post-thumbnail","6":"product_cat-kitchenaid","7":"product_cat-kuchengerate-elektro","8":"product_cat-kuchenmaschinen-zubehor","10":"first","11":"outofstock","12":"taxable","13":"shipping-taxable","14":"purchasable","15":"product-type-simple"},"_links":{"self":[{"href":"https:\/\/ebay.luba.de\/index.php\/wp-json\/wp\/v2\/product\/1839","targetHints":{"allow":["GET"]}}],"collection":[{"href":"https:\/\/ebay.luba.de\/index.php\/wp-json\/wp\/v2\/product"}],"about":[{"href":"https:\/\/ebay.luba.de\/index.php\/wp-json\/wp\/v2\/types\/product"}],"replies":[{"embeddable":true,"href":"https:\/\/ebay.luba.de\/index.php\/wp-json\/wp\/v2\/comments?post=1839"}],"wp:featuredmedia":[{"embeddable":true,"href":"https:\/\/ebay.luba.de\/index.php\/wp-json\/wp\/v2\/media\/15789"}],"wp:attachment":[{"href":"https:\/\/ebay.luba.de\/index.php\/wp-json\/wp\/v2\/media?parent=1839"}],"wp:term":[{"taxonomy":"product_brand","embeddable":true,"href":"https:\/\/ebay.luba.de\/index.php\/wp-json\/wp\/v2\/product_brand?post=1839"},{"taxonomy":"product_cat","embeddable":true,"href":"https:\/\/ebay.luba.de\/index.php\/wp-json\/wp\/v2\/product_cat?post=1839"},{"taxonomy":"product_tag","embeddable":true,"href":"https:\/\/ebay.luba.de\/index.php\/wp-json\/wp\/v2\/product_tag?post=1839"}],"curies":[{"name":"wp","href":"https:\/\/api.w.org\/{rel}","templated":true}]}}