{"id":16634,"date":"2020-12-06T16:03:52","date_gmt":"2020-12-06T16:03:52","guid":{"rendered":"https:\/\/ebay.luba.de\/index.php\/product\/excalibur-dorrgerat-10-einschube-digital-99-stunden-timer-edelstahl-exc10elf\/"},"modified":"2023-09-26T06:51:19","modified_gmt":"2023-09-26T06:51:19","slug":"excalibur-dorrgerat-10-einschube-digital-99-stunden-timer-edelstahl-exc10elf","status":"publish","type":"product","link":"https:\/\/ebay.luba.de\/index.php\/product\/excalibur-dorrgerat-10-einschube-digital-99-stunden-timer-edelstahl-exc10elf\/","title":{"rendered":"Excalibur D\u00f6rrger\u00e4t 10 Einsch\u00fcbe, Digital, 99 Stunden Timer, Edelstahl, EXC10ELF"},"content":{"rendered":"<p>\u2713 10 Einschu\u0308be aus Edelstahl, 1,5 qm Kapazit\u00e4t<br \/>\n\u2713 Edelstahlschalen mit den Abmessungen 38\u00d738 cm (15\u2033 x 15\u2033)<br \/>\n\u2713 Au\u00dfen: Rostfreier Stahl. Innen: Edelstahl: Rostfreier Stahl.<br \/>\n\u2713 99 Stunden, digitale Zeitschaltuhr<br \/>\n\u2713 Zwei Zeiten, zwei Temperaturen beschleunigen die Trocknung<br \/>\n\u2713 Bequemes Bedienfeld f\u00fcr den Frontzugang<br \/>\n\u2713 Durchsichtige Glast\u00fcren zur einfachen Ansicht des Trocknungsfortschritts<br \/>\n\u2713 Einstellbarer Thermostat 35\u00b0C bis 74\u00b0C<br \/>\n\u2713 Abmessungen: 43,8 x 52,1 x 43,2 cm (17,25&#8243; x 20,5&#8243; x 17\u2033)<br \/>\n\u2713 Gewicht: 28,5 kg<br \/>\n\u2713 Spannung: 220-240V, 50-60HZ<br \/>\n\u2713 16,5-cm-L\u00fcfter, 600 Watt f\u00fcr erh\u00f6hte Luftzirkulation<br \/>\n\u2713 Leichte Reinigung, inkl. Kru\u0308melfach<br \/>\n\u2713 Einschu\u0308be Spu\u0308lmaschine geeignet<br \/>\n\u2713 5 Jahre beschr\u00e4nkte Garantie<br \/>\n\u2713 Hergestellt in den USA<br \/>\n\u2713 NSF genehmigt<\/p>\n<p>Geh\u00e4use innen und au\u00dfen aus rostfreiem Stahl. 10 Edelstahlschalen, 1,5 qm Trockenraum, 99-Stunden-Digitaltimer mit 2-Zeit- \/ 2-Temperatureinstellung, Bedienfeld mit Frontzugriff zur einfachen Einstellung, Klarglast\u00fcren zur einfachen Anzeige des Trocknungsfortschritts, einstellbarer Thermostatbereich von 35\u00b0C bis 74\u00b0C, 16,5-cm-L\u00fcfter f\u00fcr ausgezeichnete Luftzirkulation, Leichte Reinigung, inkl. Kru\u0308melfach. Einfach zu bedienen. Inklusive Konservieren Sie es nat\u00fcrlich, damit Sie lernen k\u00f6nnen, wie man alle Arten von Lebensmitteln dehydriert. Hergestellt in den USA.<\/p>\n<p>99 Stunden DIGITALER REGLER! *NEU* Digitaler Zwei-Zeit-, Zwei-Temperatur-Digitalregler beschleunigt den Trocknungsprozess. Nachdem Sie die Lebensmittel auf die Tabletts geladen haben, stellen Sie den D\u00f6rrautomat f\u00fcr eine bestimmte Zeitspanne auf eine h\u00f6here Temperatur ein; und dann stellen Sie den D\u00f6rrautomat f\u00fcr eine bestimmte Zeitspanne auf eine niedrigere Temperatur ein. Das Ger\u00e4t stellt sich nach der ersten Einstellung automatisch ein und schaltet sich aus, wenn die zweite Einstellung abgeschlossen ist.<\/p>\n<p>Entw\u00e4ssern Sie Obst, Gem\u00fcse, N\u00fcsse, Fleisch f\u00fcr Marmelade, Fruchtp\u00fcree f\u00fcr Obst-Roll-ups, Heben Sie Brot oder machen Sie selbstgemachten Joghurt. Die perfekten Snacks f\u00fcr Sie und Ihre G\u00e4ste. Excaliburs patentierte Hyperwellentechnologie und horizontale Parallex-Trocknung entfernt Wasser aus den Lebensmitteln mit einer kontinuierlichen Zirkulation thermostatisch gesteuerter Warmluft, effizient und benutzerfreundlich.<\/p>\n<p>Modellnummer des Herstellers: EXC10ELF<\/p>\n<p>Wenn Sie Ihre Bestellung aufgeben, erhalten Sie die &#8220;EXC10ELF&#8221;, d.h. die EXC10EL mit Euro (F)-Stecker. Wenn bei diesem Modellcode andere Endungen erw\u00e4hnt werden, beziehen sich diese auf das Netzkabel. Auf Anfrage k\u00f6nnen wir jedes Netzkabel liefern, das mit 230V-Steckdosen kompatibel ist.<\/p>\n<p>EXC10ELF &#8211; Euro (F)-Stecker<br \/>\nEXC10ELI &#8211; Aust\/NZ (I)-Stecker<br \/>\nEXC10ELG &#8211; UK (G)-Stecker<br \/>\nEXC10ELJ &#8211; Schweizer (J) Stecker<br \/>\nAndere verf\u00fcgbare Steckerkonfigurationen<br \/>\nEXC10EL &#8211; 110V USA<\/p>\n<p>[row]<\/p>\n<p>[col span__sm=&#8221;12&#8243;]<\/p>\n<h3>Excalibur\u2018s patentierte HYPERWAVE\u2122 Technologie<\/h3>\n<p>[\/col]<br \/>\n[col span=&#8221;6&#8243; span__sm=&#8221;12&#8243;]<\/p>\n<p>Excaliburs patentierte Hyperwave Schwankungstechnologie ver\u00e4ndert die W\u00e4rme w\u00e4hrend des Trocknungszyklus, um die Feuchtigkeit schneller, besser und sicherer zu verdampfen, und zwar fu\u0308r die Trocknung von Obst, Gemu\u0308se und D\u00f6rrfleisch.<\/p>\n<p>[\/col]<br \/>\n[col span=&#8221;6&#8243; span__sm=&#8221;12&#8243;]<\/p>\n<p>[ux_image id=&#8221;10410&#8243;]<\/p>\n<p>[\/col]<\/p>\n<p>[\/row]<br \/>\n[row]<\/p>\n<p>[col span__sm=&#8221;12&#8243;]<\/p>\n<h3>Excalibur trocknet BESSER, SCHNELLER &amp; SICHERER dank unserer HYPERWAVE\u2122 Schwankungstechnologie!<\/h3>\n<p>[\/col]<br \/>\n[col span=&#8221;6&#8243; span__sm=&#8221;12&#8243;]<\/p>\n<p>Gew\u00f6hnliche Dehydratoren erzeugen eine konstante, unver\u00e4nderliche W\u00e4rme, die eine &#8220;H\u00e4rtung&#8221; verursacht, eine trockene Oberfl\u00e4che mit eingeschlossener Feuchtigkeit &#8211; eine perfekte Umgebung fu\u0308r Hefe, Schimmel und Bakterienwachstum.<\/p>\n<p>Excaliburs einstellbarer Thermostat erm\u00f6glicht es Ihnen, die Vorteile der Hyperwellen-Fluktuation (Ver\u00e4nderung der W\u00e4rme w\u00e4hrend des Trocknungszyklus) fu\u0308r schnellere, bessere und sicherere getrocknete Lebensmittel zu nutzen. Wenn die Temperatur nach oben schwankt, verdampft die Oberfl\u00e4chenfeuchtigkeit. Dann, wenn die Temperatur nach unten schwankt, bewegt sich die innere Feuchtigkeit zur trockeneren Oberfl\u00e4che. Die Temperatur der Lebensmittel bleibt NIEDRIG genug, um die Enzyme aktiv zu halten, und die Lufttemperatur wird hoch genug, um die Lebensmittel schnell zu trocknen und Hefe, Schimmel und Bakterienwachstum und -verderb zu vermeiden.<\/p>\n<p>[\/col]<br \/>\n[col span=&#8221;6&#8243; span__sm=&#8221;12&#8243;]<\/p>\n<p>[ux_image id=&#8221;10412&#8243;]<\/p>\n<p>[\/col]<\/p>\n<p>[\/row]<br \/>\n[row]<\/p>\n<p>[col span__sm=&#8221;12&#8243;]<\/p>\n<h3>Parallexx\u00ae Horizontal Airflow Trocknungssystem \u2013 Schnelle, gleichm\u00e4\u00dfige Trocknung.<\/h3>\n<p>[\/col]<br \/>\n[col span=&#8221;6&#8243; span__sm=&#8221;12&#8243;]<\/p>\n<p>Das Gebl\u00e4se, das Heizelement und der Thermostat befinden sich hinten. Ku\u0308hle Luft wird angesaugt, erw\u00e4rmt und gleichm\u00e4\u00dfig u\u0308ber jedes Fach verteilt. Dieses exklusive Design erlaubt ein schnelleres trocknen der Lebensmittel ohne dass die Einschu\u0308be gedreht werden mu\u0308ssen.<\/p>\n<p>[\/col]<br \/>\n[col span=&#8221;6&#8243; span__sm=&#8221;12&#8243;]<\/p>\n<p>[ux_image id=&#8221;10414&#8243;]<\/p>\n<p>[\/col]<\/p>\n<p>[\/row]<\/p>\n","protected":false},"excerpt":{"rendered":"<p>\u2713 10 Einschu\u0308be aus Edelstahl, 1,5 qm Kapazit\u00e4t \u2713 Edelstahlschalen mit den Abmessungen 38\u00d738 cm (15\u2033 x 15\u2033) \u2713 Au\u00dfen: Rostfreier Stahl. Innen: Edelstahl: Rostfreier Stahl. \u2713 99 Stunden, digitale Zeitschaltuhr \u2713 Zwei Zeiten, zwei Temperaturen beschleunigen die Trocknung \u2713 Bequemes Bedienfeld f\u00fcr den Frontzugang \u2713 Durchsichtige Glast\u00fcren zur einfachen Ansicht des Trocknungsfortschritts \u2713 Einstellbarer [&hellip;]<\/p>\n","protected":false},"featured_media":16635,"comment_status":"closed","ping_status":"open","template":"","meta":[],"product_brand":[],"product_cat":[209,235,202],"product_tag":[],"class_list":{"0":"post-16634","1":"product","2":"type-product","3":"status-publish","4":"has-post-thumbnail","6":"product_cat-dorrgerate","7":"product_cat-gewerbegerate","8":"product_cat-kuchengerate-elektro","10":"first","11":"instock","12":"taxable","13":"shipping-taxable","14":"purchasable","15":"product-type-simple"},"_links":{"self":[{"href":"https:\/\/ebay.luba.de\/index.php\/wp-json\/wp\/v2\/product\/16634","targetHints":{"allow":["GET"]}}],"collection":[{"href":"https:\/\/ebay.luba.de\/index.php\/wp-json\/wp\/v2\/product"}],"about":[{"href":"https:\/\/ebay.luba.de\/index.php\/wp-json\/wp\/v2\/types\/product"}],"replies":[{"embeddable":true,"href":"https:\/\/ebay.luba.de\/index.php\/wp-json\/wp\/v2\/comments?post=16634"}],"wp:featuredmedia":[{"embeddable":true,"href":"https:\/\/ebay.luba.de\/index.php\/wp-json\/wp\/v2\/media\/16635"}],"wp:attachment":[{"href":"https:\/\/ebay.luba.de\/index.php\/wp-json\/wp\/v2\/media?parent=16634"}],"wp:term":[{"taxonomy":"product_brand","embeddable":true,"href":"https:\/\/ebay.luba.de\/index.php\/wp-json\/wp\/v2\/product_brand?post=16634"},{"taxonomy":"product_cat","embeddable":true,"href":"https:\/\/ebay.luba.de\/index.php\/wp-json\/wp\/v2\/product_cat?post=16634"},{"taxonomy":"product_tag","embeddable":true,"href":"https:\/\/ebay.luba.de\/index.php\/wp-json\/wp\/v2\/product_tag?post=16634"}],"curies":[{"name":"wp","href":"https:\/\/api.w.org\/{rel}","templated":true}]}}