{"id":15798,"date":"2020-12-06T15:50:29","date_gmt":"2020-12-06T15:50:29","guid":{"rendered":"https:\/\/ebay.luba.de\/index.php\/product\/messerschmidt-flockenbar-vorsatz-fur-kitchenaid\/"},"modified":"2023-09-26T11:51:07","modified_gmt":"2023-09-26T11:51:07","slug":"messerschmidt-flockenbar-vorsatz-fur-kitchenaid","status":"publish","type":"product","link":"https:\/\/ebay.luba.de\/index.php\/product\/messerschmidt-flockenbar-vorsatz-fur-kitchenaid\/","title":{"rendered":"Messerschmidt Flockenbar-Vorsatz f\u00fcr KitchenAid"},"content":{"rendered":"<p>Frisch geflocktes Getreide enth\u00e4lt viele wertvolle Vitamine, Mineralien und Ballaststoffe. Der Flockenvorsatz verarbeitet Getreide und \u00d6lsaaten, aber auch Gew\u00fcrze wie Fenchel, K\u00fcmmel oder Koriander.<\/p>\n","protected":false},"excerpt":{"rendered":"<p>Frisch geflocktes Getreide enth\u00e4lt viele wertvolle Vitamine, Mineralien und Ballaststoffe. Der Flockenvorsatz verarbeitet Getreide und \u00d6lsaaten, aber auch Gew\u00fcrze wie Fenchel, K\u00fcmmel oder Koriander.<\/p>\n","protected":false},"featured_media":15799,"comment_status":"closed","ping_status":"open","template":"","meta":[],"product_brand":[],"product_cat":[242,202,203],"product_tag":[],"class_list":{"0":"post-15798","1":"product","2":"type-product","3":"status-publish","4":"has-post-thumbnail","6":"product_cat-kitchenaid","7":"product_cat-kuchengerate-elektro","8":"product_cat-kuchenmaschinen-zubehor","10":"first","11":"instock","12":"taxable","13":"shipping-taxable","14":"purchasable","15":"product-type-simple"},"_links":{"self":[{"href":"https:\/\/ebay.luba.de\/index.php\/wp-json\/wp\/v2\/product\/15798","targetHints":{"allow":["GET"]}}],"collection":[{"href":"https:\/\/ebay.luba.de\/index.php\/wp-json\/wp\/v2\/product"}],"about":[{"href":"https:\/\/ebay.luba.de\/index.php\/wp-json\/wp\/v2\/types\/product"}],"replies":[{"embeddable":true,"href":"https:\/\/ebay.luba.de\/index.php\/wp-json\/wp\/v2\/comments?post=15798"}],"wp:featuredmedia":[{"embeddable":true,"href":"https:\/\/ebay.luba.de\/index.php\/wp-json\/wp\/v2\/media\/15799"}],"wp:attachment":[{"href":"https:\/\/ebay.luba.de\/index.php\/wp-json\/wp\/v2\/media?parent=15798"}],"wp:term":[{"taxonomy":"product_brand","embeddable":true,"href":"https:\/\/ebay.luba.de\/index.php\/wp-json\/wp\/v2\/product_brand?post=15798"},{"taxonomy":"product_cat","embeddable":true,"href":"https:\/\/ebay.luba.de\/index.php\/wp-json\/wp\/v2\/product_cat?post=15798"},{"taxonomy":"product_tag","embeddable":true,"href":"https:\/\/ebay.luba.de\/index.php\/wp-json\/wp\/v2\/product_tag?post=15798"}],"curies":[{"name":"wp","href":"https:\/\/api.w.org\/{rel}","templated":true}]}}