{"id":15787,"date":"2020-12-06T15:50:29","date_gmt":"2020-12-06T15:50:29","guid":{"rendered":"https:\/\/ebay.luba.de\/index.php\/product\/edelstahlschussel-4-3-liter-k45sbwh\/"},"modified":"2020-12-06T15:50:34","modified_gmt":"2020-12-06T15:50:34","slug":"edelstahlschussel-4-3-liter-k45sbwh","status":"publish","type":"product","link":"https:\/\/ebay.luba.de\/index.php\/product\/edelstahlschussel-4-3-liter-k45sbwh\/","title":{"rendered":"Edelstahlsch\u00fcssel 4, 3 Liter K45SBWH"},"content":{"rendered":"<p>Zus\u00e4tzliche Edelstahlsch\u00fcssel zur Erweiterung Ihrer K\u00fcchenmaschine. Inhalt 4,28 l<\/p>\n","protected":false},"excerpt":{"rendered":"<p>Zus\u00e4tzliche Edelstahlsch\u00fcssel zur Erweiterung Ihrer K\u00fcchenmaschine. Inhalt 4,28 l<\/p>\n","protected":false},"featured_media":15788,"comment_status":"closed","ping_status":"open","template":"","meta":[],"product_brand":[],"product_cat":[193],"product_tag":[],"class_list":{"0":"post-15787","1":"product","2":"type-product","3":"status-publish","4":"has-post-thumbnail","6":"product_cat-unkategorisiert","8":"first","9":"outofstock","10":"taxable","11":"shipping-taxable","12":"purchasable","13":"product-type-simple"},"_links":{"self":[{"href":"https:\/\/ebay.luba.de\/index.php\/wp-json\/wp\/v2\/product\/15787","targetHints":{"allow":["GET"]}}],"collection":[{"href":"https:\/\/ebay.luba.de\/index.php\/wp-json\/wp\/v2\/product"}],"about":[{"href":"https:\/\/ebay.luba.de\/index.php\/wp-json\/wp\/v2\/types\/product"}],"replies":[{"embeddable":true,"href":"https:\/\/ebay.luba.de\/index.php\/wp-json\/wp\/v2\/comments?post=15787"}],"wp:featuredmedia":[{"embeddable":true,"href":"https:\/\/ebay.luba.de\/index.php\/wp-json\/wp\/v2\/media\/15788"}],"wp:attachment":[{"href":"https:\/\/ebay.luba.de\/index.php\/wp-json\/wp\/v2\/media?parent=15787"}],"wp:term":[{"taxonomy":"product_brand","embeddable":true,"href":"https:\/\/ebay.luba.de\/index.php\/wp-json\/wp\/v2\/product_brand?post=15787"},{"taxonomy":"product_cat","embeddable":true,"href":"https:\/\/ebay.luba.de\/index.php\/wp-json\/wp\/v2\/product_cat?post=15787"},{"taxonomy":"product_tag","embeddable":true,"href":"https:\/\/ebay.luba.de\/index.php\/wp-json\/wp\/v2\/product_tag?post=15787"}],"curies":[{"name":"wp","href":"https:\/\/api.w.org\/{rel}","templated":true}]}}