{"id":15773,"date":"2020-12-06T15:50:29","date_gmt":"2020-12-06T15:50:29","guid":{"rendered":"https:\/\/ebay.luba.de\/index.php\/product\/artisan-2er-toaster-medallion-silber-5kmt2204ems\/"},"modified":"2022-03-07T15:51:20","modified_gmt":"2022-03-07T15:51:20","slug":"artisan-2er-toaster-medallion-silber-5kmt2204ems","status":"publish","type":"product","link":"https:\/\/ebay.luba.de\/index.php\/product\/artisan-2er-toaster-medallion-silber-5kmt2204ems\/","title":{"rendered":"Artisan 2er-Toaster medallion silber 5KMT2204EMS"},"content":{"rendered":"<p>Toaster aus Alugu\u00dfgeh\u00e4use mit extra breiten und langen Schlitzen f\u00fcr verschiedene Brotsorten. Es sind insgesamt 13 Br\u00e4unungsgrade w\u00e4hlbar. Automatisches Toasten mit Einzug und Auswurf, Warmhaltefunktion, h\u00e4lt den Toast f\u00fcr 3 min nach R\u00f6stvorgang warm, Ma\u00dfe HxBxT: 22,5 x 18 x 33 cm, Leistung 1250 Watt, Sandwichzange inklusive.<\/p>\n","protected":false},"excerpt":{"rendered":"<p>Toaster aus Alugu\u00dfgeh\u00e4use mit extra breiten und langen Schlitzen f\u00fcr verschiedene Brotsorten. Es sind insgesamt 13 Br\u00e4unungsgrade w\u00e4hlbar. Automatisches Toasten mit Einzug und Auswurf, Warmhaltefunktion, h\u00e4lt den Toast f\u00fcr 3 min nach R\u00f6stvorgang warm, Ma\u00dfe HxBxT: 22,5 x 18 x 33 cm, Leistung 1250 Watt, Sandwichzange inklusive.<\/p>\n","protected":false},"featured_media":15774,"comment_status":"closed","ping_status":"open","template":"","meta":[],"product_brand":[],"product_cat":[202,243],"product_tag":[],"class_list":{"0":"post-15773","1":"product","2":"type-product","3":"status-publish","4":"has-post-thumbnail","6":"product_cat-kuchengerate-elektro","7":"product_cat-toaster","9":"first","10":"outofstock","11":"taxable","12":"shipping-taxable","13":"purchasable","14":"product-type-simple"},"_links":{"self":[{"href":"https:\/\/ebay.luba.de\/index.php\/wp-json\/wp\/v2\/product\/15773","targetHints":{"allow":["GET"]}}],"collection":[{"href":"https:\/\/ebay.luba.de\/index.php\/wp-json\/wp\/v2\/product"}],"about":[{"href":"https:\/\/ebay.luba.de\/index.php\/wp-json\/wp\/v2\/types\/product"}],"replies":[{"embeddable":true,"href":"https:\/\/ebay.luba.de\/index.php\/wp-json\/wp\/v2\/comments?post=15773"}],"wp:featuredmedia":[{"embeddable":true,"href":"https:\/\/ebay.luba.de\/index.php\/wp-json\/wp\/v2\/media\/15774"}],"wp:attachment":[{"href":"https:\/\/ebay.luba.de\/index.php\/wp-json\/wp\/v2\/media?parent=15773"}],"wp:term":[{"taxonomy":"product_brand","embeddable":true,"href":"https:\/\/ebay.luba.de\/index.php\/wp-json\/wp\/v2\/product_brand?post=15773"},{"taxonomy":"product_cat","embeddable":true,"href":"https:\/\/ebay.luba.de\/index.php\/wp-json\/wp\/v2\/product_cat?post=15773"},{"taxonomy":"product_tag","embeddable":true,"href":"https:\/\/ebay.luba.de\/index.php\/wp-json\/wp\/v2\/product_tag?post=15773"}],"curies":[{"name":"wp","href":"https:\/\/api.w.org\/{rel}","templated":true}]}}