{"id":15685,"date":"2020-12-06T15:49:33","date_gmt":"2020-12-06T15:49:33","guid":{"rendered":"https:\/\/ebay.luba.de\/index.php\/product\/messerschmidt-stahlmahlvorsatz\/"},"modified":"2023-09-26T06:51:08","modified_gmt":"2023-09-26T06:51:08","slug":"messerschmidt-stahlmahlvorsatz","status":"publish","type":"product","link":"https:\/\/ebay.luba.de\/index.php\/product\/messerschmidt-stahlmahlvorsatz\/","title":{"rendered":"Messerschmidt Stahlmahlvorsatz"},"content":{"rendered":"<p>Der Vorsatz mahlt mit seinem geh\u00e4rtetem Stahlkegelmahlwerk, alle Getreidesorten, sowie \u00d6lsaaten, trockene Kr\u00e4uter und Gew\u00fcrze. Es ist stufenlos von grob bis fein einzustellen. Frisch gemahlenes Getreide ist ein unerl\u00e4sslicher Bestandteil der vollwertigen, nat\u00fcrlichen Ern\u00e4hrung.<\/p>\n","protected":false},"excerpt":{"rendered":"<p>Der Vorsatz mahlt mit seinem geh\u00e4rtetem Stahlkegelmahlwerk, alle Getreidesorten, sowie \u00d6lsaaten, trockene Kr\u00e4uter und Gew\u00fcrze. Es ist stufenlos von grob bis fein einzustellen. Frisch gemahlenes Getreide ist ein unerl\u00e4sslicher Bestandteil der vollwertigen, nat\u00fcrlichen Ern\u00e4hrung.<\/p>\n","protected":false},"featured_media":15686,"comment_status":"closed","ping_status":"open","template":"","meta":[],"product_brand":[],"product_cat":[215,219],"product_tag":[],"class_list":{"0":"post-15685","1":"product","2":"type-product","3":"status-publish","4":"has-post-thumbnail","6":"product_cat-kuchengerate-handbetrieb","7":"product_cat-vorsatze","9":"first","10":"instock","11":"taxable","12":"shipping-taxable","13":"purchasable","14":"product-type-simple"},"_links":{"self":[{"href":"https:\/\/ebay.luba.de\/index.php\/wp-json\/wp\/v2\/product\/15685","targetHints":{"allow":["GET"]}}],"collection":[{"href":"https:\/\/ebay.luba.de\/index.php\/wp-json\/wp\/v2\/product"}],"about":[{"href":"https:\/\/ebay.luba.de\/index.php\/wp-json\/wp\/v2\/types\/product"}],"replies":[{"embeddable":true,"href":"https:\/\/ebay.luba.de\/index.php\/wp-json\/wp\/v2\/comments?post=15685"}],"wp:featuredmedia":[{"embeddable":true,"href":"https:\/\/ebay.luba.de\/index.php\/wp-json\/wp\/v2\/media\/15686"}],"wp:attachment":[{"href":"https:\/\/ebay.luba.de\/index.php\/wp-json\/wp\/v2\/media?parent=15685"}],"wp:term":[{"taxonomy":"product_brand","embeddable":true,"href":"https:\/\/ebay.luba.de\/index.php\/wp-json\/wp\/v2\/product_brand?post=15685"},{"taxonomy":"product_cat","embeddable":true,"href":"https:\/\/ebay.luba.de\/index.php\/wp-json\/wp\/v2\/product_cat?post=15685"},{"taxonomy":"product_tag","embeddable":true,"href":"https:\/\/ebay.luba.de\/index.php\/wp-json\/wp\/v2\/product_tag?post=15685"}],"curies":[{"name":"wp","href":"https:\/\/api.w.org\/{rel}","templated":true}]}}