{"id":15510,"date":"2020-12-06T16:05:30","date_gmt":"2020-12-06T16:05:30","guid":{"rendered":"https:\/\/ebay.luba.de\/index.php\/product\/jura-pflegetucher-fur-alle-farbigen-jura-gerate\/"},"modified":"2022-12-29T07:51:07","modified_gmt":"2022-12-29T07:51:07","slug":"jura-pflegetucher-fur-alle-farbigen-jura-gerate","status":"publish","type":"product","link":"https:\/\/ebay.luba.de\/index.php\/product\/jura-pflegetucher-fur-alle-farbigen-jura-gerate\/","title":{"rendered":"JURA Pfleget\u00fccher f\u00fcr alle farbigen JURA Ger\u00e4te"},"content":{"rendered":"","protected":false},"excerpt":{"rendered":"","protected":false},"featured_media":16767,"comment_status":"closed","ping_status":"open","template":"","meta":[],"product_brand":[],"product_cat":[247,246,202],"product_tag":[],"class_list":{"0":"post-15510","1":"product","2":"type-product","3":"status-publish","4":"has-post-thumbnail","6":"product_cat-jura-verbrauchsmaterial","7":"product_cat-kaffeemaschinen","8":"product_cat-kuchengerate-elektro","10":"first","11":"outofstock","12":"taxable","13":"shipping-taxable","14":"purchasable","15":"product-type-simple"},"_links":{"self":[{"href":"https:\/\/ebay.luba.de\/index.php\/wp-json\/wp\/v2\/product\/15510","targetHints":{"allow":["GET"]}}],"collection":[{"href":"https:\/\/ebay.luba.de\/index.php\/wp-json\/wp\/v2\/product"}],"about":[{"href":"https:\/\/ebay.luba.de\/index.php\/wp-json\/wp\/v2\/types\/product"}],"replies":[{"embeddable":true,"href":"https:\/\/ebay.luba.de\/index.php\/wp-json\/wp\/v2\/comments?post=15510"}],"wp:featuredmedia":[{"embeddable":true,"href":"https:\/\/ebay.luba.de\/index.php\/wp-json\/wp\/v2\/media\/16767"}],"wp:attachment":[{"href":"https:\/\/ebay.luba.de\/index.php\/wp-json\/wp\/v2\/media?parent=15510"}],"wp:term":[{"taxonomy":"product_brand","embeddable":true,"href":"https:\/\/ebay.luba.de\/index.php\/wp-json\/wp\/v2\/product_brand?post=15510"},{"taxonomy":"product_cat","embeddable":true,"href":"https:\/\/ebay.luba.de\/index.php\/wp-json\/wp\/v2\/product_cat?post=15510"},{"taxonomy":"product_tag","embeddable":true,"href":"https:\/\/ebay.luba.de\/index.php\/wp-json\/wp\/v2\/product_tag?post=15510"}],"curies":[{"name":"wp","href":"https:\/\/api.w.org\/{rel}","templated":true}]}}