{"id":15178,"date":"2020-12-06T15:59:37","date_gmt":"2020-12-06T15:59:37","guid":{"rendered":"https:\/\/ebay.luba.de\/index.php\/product\/claris-pro-weis-fur-x9-a-4-stuck\/"},"modified":"2022-11-28T14:09:39","modified_gmt":"2022-11-28T14:09:39","slug":"claris-pro-weis-fur-x9-a-4-stuck","status":"publish","type":"product","link":"https:\/\/ebay.luba.de\/index.php\/product\/claris-pro-weis-fur-x9-a-4-stuck\/","title":{"rendered":"Claris Pro wei\u00df f\u00fcr X9 \u00e1 4 St\u00fcck"},"content":{"rendered":"","protected":false},"excerpt":{"rendered":"","protected":false},"featured_media":16479,"comment_status":"closed","ping_status":"open","template":"","meta":[],"product_brand":[],"product_cat":[245,199,244],"product_tag":[],"class_list":{"0":"post-15178","1":"product","2":"type-product","3":"status-publish","4":"has-post-thumbnail","6":"product_cat-filterpatronen","7":"product_cat-kuchenhelfer","8":"product_cat-verbrauchsmaterialien","10":"first","11":"instock","12":"taxable","13":"shipping-taxable","14":"purchasable","15":"product-type-simple"},"_links":{"self":[{"href":"https:\/\/ebay.luba.de\/index.php\/wp-json\/wp\/v2\/product\/15178","targetHints":{"allow":["GET"]}}],"collection":[{"href":"https:\/\/ebay.luba.de\/index.php\/wp-json\/wp\/v2\/product"}],"about":[{"href":"https:\/\/ebay.luba.de\/index.php\/wp-json\/wp\/v2\/types\/product"}],"replies":[{"embeddable":true,"href":"https:\/\/ebay.luba.de\/index.php\/wp-json\/wp\/v2\/comments?post=15178"}],"wp:featuredmedia":[{"embeddable":true,"href":"https:\/\/ebay.luba.de\/index.php\/wp-json\/wp\/v2\/media\/16479"}],"wp:attachment":[{"href":"https:\/\/ebay.luba.de\/index.php\/wp-json\/wp\/v2\/media?parent=15178"}],"wp:term":[{"taxonomy":"product_brand","embeddable":true,"href":"https:\/\/ebay.luba.de\/index.php\/wp-json\/wp\/v2\/product_brand?post=15178"},{"taxonomy":"product_cat","embeddable":true,"href":"https:\/\/ebay.luba.de\/index.php\/wp-json\/wp\/v2\/product_cat?post=15178"},{"taxonomy":"product_tag","embeddable":true,"href":"https:\/\/ebay.luba.de\/index.php\/wp-json\/wp\/v2\/product_tag?post=15178"}],"curies":[{"name":"wp","href":"https:\/\/api.w.org\/{rel}","templated":true}]}}