{"id":15175,"date":"2020-12-06T15:59:37","date_gmt":"2020-12-06T15:59:37","guid":{"rendered":"https:\/\/ebay.luba.de\/index.php\/product\/deckel-weis-fur-brod-taylor-garautomat\/"},"modified":"2023-08-15T11:51:06","modified_gmt":"2023-08-15T11:51:06","slug":"deckel-weis-fur-brod-taylor-garautomat","status":"publish","type":"product","link":"https:\/\/ebay.luba.de\/index.php\/product\/deckel-weis-fur-brod-taylor-garautomat\/","title":{"rendered":"Deckel wei\u00df f\u00fcr Brod &#038; Taylor G\u00e4rautomat"},"content":{"rendered":"","protected":false},"excerpt":{"rendered":"","protected":false},"featured_media":0,"comment_status":"closed","ping_status":"open","template":"","meta":[],"product_brand":[],"product_cat":[333,229],"product_tag":[],"class_list":{"0":"post-15175","1":"product","2":"type-product","3":"status-publish","5":"product_cat-brod-taylor","6":"product_cat-ersatzteile","8":"first","9":"outofstock","10":"taxable","11":"shipping-taxable","12":"purchasable","13":"product-type-simple"},"_links":{"self":[{"href":"https:\/\/ebay.luba.de\/index.php\/wp-json\/wp\/v2\/product\/15175","targetHints":{"allow":["GET"]}}],"collection":[{"href":"https:\/\/ebay.luba.de\/index.php\/wp-json\/wp\/v2\/product"}],"about":[{"href":"https:\/\/ebay.luba.de\/index.php\/wp-json\/wp\/v2\/types\/product"}],"replies":[{"embeddable":true,"href":"https:\/\/ebay.luba.de\/index.php\/wp-json\/wp\/v2\/comments?post=15175"}],"wp:attachment":[{"href":"https:\/\/ebay.luba.de\/index.php\/wp-json\/wp\/v2\/media?parent=15175"}],"wp:term":[{"taxonomy":"product_brand","embeddable":true,"href":"https:\/\/ebay.luba.de\/index.php\/wp-json\/wp\/v2\/product_brand?post=15175"},{"taxonomy":"product_cat","embeddable":true,"href":"https:\/\/ebay.luba.de\/index.php\/wp-json\/wp\/v2\/product_cat?post=15175"},{"taxonomy":"product_tag","embeddable":true,"href":"https:\/\/ebay.luba.de\/index.php\/wp-json\/wp\/v2\/product_tag?post=15175"}],"curies":[{"name":"wp","href":"https:\/\/api.w.org\/{rel}","templated":true}]}}