{"id":15161,"date":"2020-12-06T15:57:03","date_gmt":"2020-12-06T15:57:03","guid":{"rendered":"https:\/\/ebay.luba.de\/index.php\/product\/ekk-43-doppelmuhle-kaffeemuhle\/"},"modified":"2020-12-06T15:57:17","modified_gmt":"2020-12-06T15:57:17","slug":"ekk-43-doppelmuhle-kaffeemuhle","status":"publish","type":"product","link":"https:\/\/ebay.luba.de\/index.php\/product\/ekk-43-doppelmuhle-kaffeemuhle\/","title":{"rendered":"EKK 43 Doppelm\u00fchle Kaffeem\u00fchle"},"content":{"rendered":"<p>Die EKK43 bietet die starke Performance der beliebten EK43 von Mahlk\u00f6nig als Doppelm\u00fchle, die mit zwei individuellen Mahlscheibens\u00e4tzen f\u00fcr unterschiedliche Anwendungen ausgestattet werden kann. Die EK43 regiert souver\u00e4n als unangefochtene K\u00f6nigin der Kaffeem\u00fchlen \u2013 mit Leistungsst\u00e4rke, Zuverl\u00e4ssigkeit und Premium- Vermahlung. Ihre herausragenden Vermahlungsergebnisse bleiben von der Konkurrenz unerreicht. Die EK43 erm\u00f6glicht die ebenm\u00e4\u00dfigste Extraktion der wertvollen Kaffeearomen und gilt somit als Garant f\u00fcr ein herausragendes Geschmackserlebnis und als verhei\u00dfungsvolles Symbol f\u00fcr Qualit\u00e4t. Ihre einmalige Form wurde zu einer Ikone der internationalen Baristaszene, welcher die EK43 durch die gemeinsame Leidenschaft f\u00fcr den Kaffee tief verbunden ist.<\/p>\n<div><\/div>\n<div>\n<div class=\"col-lg-5 col-md-6 col-sm-12 pro_details_left\">\n<div class=\"pro_details bg_white\">\n<h2>Einzelheiten<\/h2>\n<div>\n<ul>\n<li>Platzsparende Doppel-M\u00fchle f\u00fcr unterschiedliche Mahlg\u00fcter<\/li>\n<li>Dank herausragender Partikelgr\u00f6\u00dfenverteilung sind hohe Extraktionsraten f\u00fcr den besten Geschmack m\u00f6glich.<\/li>\n<li>Premiummahlscheiben aus Hartguss<\/li>\n<li>Robuste M\u00fchle mit hoher Mahlleistung<\/li>\n<li>Vielseitiger Einsatz: Filter-, Espresso-, oder t\u00fcrkischfeine Vermahlung<\/li>\n<li>Vermahlung anderer Mahlg\u00fcter wie Gew\u00fcrze, Getreide, Mohn und Leinsaat mit individuellen Mahlscheiben m\u00f6glich<\/li>\n<li>Einfache und pr\u00e4zise Mahlgradeinstellung<\/li>\n<\/ul>\n<\/div>\n<\/div>\n<div class=\"pro_downloads bg_white\">\n<h2>Downloads<\/h2>\n<div>\n<ul>\n<li><a title=\"Mahlkoenig_EKK43_shop_grinder_productsheet.pdf\" href=\"https:\/\/www.dropbox.com\/s\/i2579mva8h5ojmc\/Mahlkoenig_EKK43_allround_grinder_productsheet.pdf?dl=0\" target=\"_blank\" rel=\"noopener noreferrer\" type=\"application\/pdf; length=6079567\">Mahlk\u00f6nig EKK43 Mehrzweckm\u00fchle &#8211; Produktblatt<\/a><\/li>\n<li><a title=\"Bedienungsanleitung EK43 EKK43.pdf\" href=\"https:\/\/www.dropbox.com\/s\/61kjpjp9hktjfum\/Mahlkoenig_Bedienungsanleitung_EKK43.pdf?dl=0\" target=\"_blank\" rel=\"noopener noreferrer\" type=\"application\/pdf; length=965800\">Mahlk\u00f6nig EKK43 Mehrzweckm\u00fchle &#8211; Originalbetriebsanleitung<\/a><\/li>\n<li><a title=\"Mahlkoenig_EK43_Zentrierwerkzeug.pdf\" href=\"https:\/\/www.dropbox.com\/s\/cnvbhfgxt300063\/Mahlkoenig_EK43_Alignment_Tool_-_Zentrierwerkzeug.pdf?dl=0\" target=\"_blank\" rel=\"noopener noreferrer\" type=\"application\/pdf; length=363770\">EK43 Zentrierwerkzeug<\/a><\/li>\n<\/ul>\n<p>&nbsp;<\/p>\n<\/div>\n<\/div>\n<div class=\"pro_youtube_video bg_white\">\n<div><\/div>\n<\/div>\n<\/div>\n<div class=\"col-lg-7 col-md-6 col-sm-12 pro_details_left\">\n<div class=\"pro_tech_details bg_white\">\n<h2>Technische Details<\/h2>\n<div>\n<p><strong>Spannung \/\/ Frequenz \/\/ Phasen:<br \/>\n<\/strong>100-120 V \/\/ 50 Hz \/\/ 1~<br \/>\n100-120 V \/\/ 60 Hz \/\/ 1~<br \/>\n200-240 V \/\/ 50 Hz \/\/ 1~<br \/>\n200-240 V \/\/ 60 Hz \/\/ 1~<\/p>\n<p><strong>Leerlaufdrehzahl:\u00a0<\/strong>1450 rpm (50 Hz); 1760 rpm (60 Hz)<br \/>\n<strong>Mahlscheibendurchmesser:\u00a0<\/strong>98 mm \/ 3.86 in<br \/>\n<strong>Mahlscheibenmaterial:\u00a0<\/strong>Hartgussstahl<br \/>\n<strong>Mittlere Mahlleistung*:\u00a0<\/strong>25 g\/s<br \/>\n<strong>Fassungsverm\u00f6gen des Bohnenbeh\u00e4lters:\u00a0<\/strong>2 x ca. 1500 g | 2 x ca. 3.31 lb<br \/>\n<strong>Max. Nennaufnahme:\u00a0<\/strong>1300 W<br \/>\n<strong>Abmessungen (B x H x T):\u00a0<\/strong>23 x 77 x 59 cm<br \/>\n<strong>Verpackungsma\u00dfe (B x H x T):\u00a0<\/strong>47 x 66 x 72 cm<br \/>\n<strong>Nettogewicht:\u00a0<\/strong>28 kg<br \/>\n<strong>Bruttogewicht:\u00a0<\/strong>33 kg<br \/>\n<strong>Zertifizierung:\u00a0<\/strong>CE, CB, ETL Safety, ETL Sanitation<\/p>\n<p><strong>Normen:<\/strong><\/p>\n<ul>\n<li>EC \/ EN 60335 &#8211; 1<\/li>\n<li>IEC \/ EN 60335-2-64<\/li>\n<li>Konform mit der Norm\u00a0Standard ANSI \/ UL 763<\/li>\n<li>Zertifiziert nach CAN \/ CSA std. CSA-C22.2 No. 195<\/li>\n<\/ul>\n<p><strong>Standardfarben:<\/strong><\/p>\n<ul>\n<li>Schwarz-matt-Feinstruktur<\/li>\n<li>Wei\u00df-matt-Feinstruktur<\/li>\n<li>Kupfer<\/li>\n<\/ul>\n<hr \/>\n<p><strong>SONDERAUSSTATTUNG<\/strong><\/p>\n<ul>\n<li>Mahlscheiben und Vorbrecher f\u00fcr Getreide oder f\u00fcr andere Mahlg\u00fcter<\/li>\n<li>Spezialmahlscheiben und Vorbrecher f\u00fcr t\u00fcrkischfeine Vermahlung<\/li>\n<\/ul>\n<hr \/>\n<h5>*Abh\u00e4ngig vom Mahlgut und dem gew\u00e4hlten Mahlgrad.<br \/>\nAlle Werte wurden unter Laborbedingungen gemessen. Andere elektrische Spezifikationen auf Anfrage erh\u00e4ltlich. Irrt\u00fcmer und \u00c4nderungen vorbehalten.<\/h5>\n<\/div>\n<\/div>\n<\/div>\n<\/div>\n","protected":false},"excerpt":{"rendered":"<p>Die EKK43 bietet die starke Performance der beliebten EK43 von Mahlk\u00f6nig als Doppelm\u00fchle, die mit zwei individuellen Mahlscheibens\u00e4tzen f\u00fcr unterschiedliche Anwendungen ausgestattet werden kann. Die EK43 regiert souver\u00e4n als unangefochtene K\u00f6nigin der Kaffeem\u00fchlen \u2013 mit Leistungsst\u00e4rke, Zuverl\u00e4ssigkeit und Premium- Vermahlung. Ihre herausragenden Vermahlungsergebnisse bleiben von der Konkurrenz unerreicht. Die EK43 erm\u00f6glicht die ebenm\u00e4\u00dfigste Extraktion der [&hellip;]<\/p>\n","protected":false},"featured_media":16406,"comment_status":"closed","ping_status":"open","template":"","meta":[],"product_brand":[],"product_cat":[259,235],"product_tag":[],"class_list":{"0":"post-15161","1":"product","2":"type-product","3":"status-publish","4":"has-post-thumbnail","6":"product_cat-getreidemuhlen-gewerbegerate","7":"product_cat-gewerbegerate","9":"first","10":"outofstock","11":"taxable","12":"shipping-taxable","13":"purchasable","14":"product-type-simple"},"_links":{"self":[{"href":"https:\/\/ebay.luba.de\/index.php\/wp-json\/wp\/v2\/product\/15161","targetHints":{"allow":["GET"]}}],"collection":[{"href":"https:\/\/ebay.luba.de\/index.php\/wp-json\/wp\/v2\/product"}],"about":[{"href":"https:\/\/ebay.luba.de\/index.php\/wp-json\/wp\/v2\/types\/product"}],"replies":[{"embeddable":true,"href":"https:\/\/ebay.luba.de\/index.php\/wp-json\/wp\/v2\/comments?post=15161"}],"wp:featuredmedia":[{"embeddable":true,"href":"https:\/\/ebay.luba.de\/index.php\/wp-json\/wp\/v2\/media\/16406"}],"wp:attachment":[{"href":"https:\/\/ebay.luba.de\/index.php\/wp-json\/wp\/v2\/media?parent=15161"}],"wp:term":[{"taxonomy":"product_brand","embeddable":true,"href":"https:\/\/ebay.luba.de\/index.php\/wp-json\/wp\/v2\/product_brand?post=15161"},{"taxonomy":"product_cat","embeddable":true,"href":"https:\/\/ebay.luba.de\/index.php\/wp-json\/wp\/v2\/product_cat?post=15161"},{"taxonomy":"product_tag","embeddable":true,"href":"https:\/\/ebay.luba.de\/index.php\/wp-json\/wp\/v2\/product_tag?post=15161"}],"curies":[{"name":"wp","href":"https:\/\/api.w.org\/{rel}","templated":true}]}}