{"id":15060,"date":"2020-12-06T15:54:41","date_gmt":"2020-12-06T15:54:41","guid":{"rendered":"https:\/\/ebay.luba.de\/index.php\/product\/rohkostvorsatz-metall-mit-3-trommeln\/"},"modified":"2023-05-16T12:51:04","modified_gmt":"2023-05-16T12:51:04","slug":"rohkostvorsatz-metall-mit-3-trommeln","status":"publish","type":"product","link":"https:\/\/ebay.luba.de\/index.php\/product\/rohkostvorsatz-metall-mit-3-trommeln\/","title":{"rendered":"Rohkostvorsatz Metall mit 3 Trommeln"},"content":{"rendered":"<p>Der Gem\u00fcseschneider-Vorsatz Metall ist ein beliebtes Zubeh\u00f6r f\u00fcr Ihren Motorblock, mit der Sie einfach und schnell frische Kost schnitzeln, schneiden, raspeln und reiben k\u00f6nnen. Zum Beispiel f\u00fcr leckere Salate und viele herrliche Gem\u00fcsegerichte.  Den Gem\u00fcseschneider MVSA wird geliefert mit einer mittleren Raspeltrommel (Birchertrommel), Schneidetrommel und groben Raspeltrommel.<\/p>\n","protected":false},"excerpt":{"rendered":"<p>Der Gem\u00fcseschneider-Vorsatz Metall ist ein beliebtes Zubeh\u00f6r f\u00fcr Ihren Motorblock, mit der Sie einfach und schnell frische Kost schnitzeln, schneiden, raspeln und reiben k\u00f6nnen. Zum Beispiel f\u00fcr leckere Salate und viele herrliche Gem\u00fcsegerichte. Den Gem\u00fcseschneider MVSA wird geliefert mit einer mittleren Raspeltrommel (Birchertrommel), Schneidetrommel und groben Raspeltrommel.<\/p>\n","protected":false},"featured_media":16225,"comment_status":"closed","ping_status":"open","template":"","meta":[],"product_brand":[],"product_cat":[193],"product_tag":[],"class_list":{"0":"post-15060","1":"product","2":"type-product","3":"status-publish","4":"has-post-thumbnail","6":"product_cat-unkategorisiert","8":"first","9":"instock","10":"taxable","11":"shipping-taxable","12":"purchasable","13":"product-type-simple"},"_links":{"self":[{"href":"https:\/\/ebay.luba.de\/index.php\/wp-json\/wp\/v2\/product\/15060","targetHints":{"allow":["GET"]}}],"collection":[{"href":"https:\/\/ebay.luba.de\/index.php\/wp-json\/wp\/v2\/product"}],"about":[{"href":"https:\/\/ebay.luba.de\/index.php\/wp-json\/wp\/v2\/types\/product"}],"replies":[{"embeddable":true,"href":"https:\/\/ebay.luba.de\/index.php\/wp-json\/wp\/v2\/comments?post=15060"}],"wp:featuredmedia":[{"embeddable":true,"href":"https:\/\/ebay.luba.de\/index.php\/wp-json\/wp\/v2\/media\/16225"}],"wp:attachment":[{"href":"https:\/\/ebay.luba.de\/index.php\/wp-json\/wp\/v2\/media?parent=15060"}],"wp:term":[{"taxonomy":"product_brand","embeddable":true,"href":"https:\/\/ebay.luba.de\/index.php\/wp-json\/wp\/v2\/product_brand?post=15060"},{"taxonomy":"product_cat","embeddable":true,"href":"https:\/\/ebay.luba.de\/index.php\/wp-json\/wp\/v2\/product_cat?post=15060"},{"taxonomy":"product_tag","embeddable":true,"href":"https:\/\/ebay.luba.de\/index.php\/wp-json\/wp\/v2\/product_tag?post=15060"}],"curies":[{"name":"wp","href":"https:\/\/api.w.org\/{rel}","templated":true}]}}