{"id":15011,"date":"2020-12-06T15:52:58","date_gmt":"2020-12-06T15:52:58","guid":{"rendered":"https:\/\/ebay.luba.de\/index.php\/product\/blendtec-classic-575-schwarz\/"},"modified":"2023-09-26T06:51:16","modified_gmt":"2023-09-26T06:51:16","slug":"blendtec-classic-575-schwarz","status":"publish","type":"product","link":"https:\/\/ebay.luba.de\/index.php\/product\/blendtec-classic-575-schwarz\/","title":{"rendered":"Blendtec Classic 575 Schwarz"},"content":{"rendered":"<p>Die f\u00fcnf voreinstellbaren Programme des Blendtec classic 575 beinhalten neben der Smoothie-Funktion einen 60- bzw. 90-Sekunden-Timer sowie w\u00e4hlbare Geschwindigkeitsstufen und eine Pulse-Taste. Das Reinigungsprogram ist optimal f\u00fcr die Reinigung des Mixbechers angepasst. Das Touchpad mit integrierter LED-Anzeige l\u00e4sst sich m\u00fchelos feucht abwischen. Einfach in der Handhabung und bestens geeignet zur Herstellung von Mandel- oder Nussmilch, selbstgemachtem Pesto aus frischen Kr\u00e4utern, Dips und So\u00dfen nach eigenem Geschmack. Frische, gesunde Babykost oder cremige Smoothies aus Obst oder Gem\u00fcse, wie vom Profi gemacht.<\/p>\n","protected":false},"excerpt":{"rendered":"<p>Die f\u00fcnf voreinstellbaren Programme des Blendtec classic 575 beinhalten neben der Smoothie-Funktion einen 60- bzw. 90-Sekunden-Timer sowie w\u00e4hlbare Geschwindigkeitsstufen und eine Pulse-Taste. Das Reinigungsprogram ist optimal f\u00fcr die Reinigung des Mixbechers angepasst. Das Touchpad mit integrierter LED-Anzeige l\u00e4sst sich m\u00fchelos feucht abwischen. Einfach in der Handhabung und bestens geeignet zur Herstellung von Mandel- oder Nussmilch, [&hellip;]<\/p>\n","protected":false},"featured_media":16082,"comment_status":"closed","ping_status":"open","template":"","meta":[],"product_brand":[],"product_cat":[202,241],"product_tag":[],"class_list":{"0":"post-15011","1":"product","2":"type-product","3":"status-publish","4":"has-post-thumbnail","6":"product_cat-kuchengerate-elektro","7":"product_cat-mixer-blender","9":"first","10":"instock","11":"taxable","12":"shipping-taxable","13":"purchasable","14":"product-type-simple"},"_links":{"self":[{"href":"https:\/\/ebay.luba.de\/index.php\/wp-json\/wp\/v2\/product\/15011","targetHints":{"allow":["GET"]}}],"collection":[{"href":"https:\/\/ebay.luba.de\/index.php\/wp-json\/wp\/v2\/product"}],"about":[{"href":"https:\/\/ebay.luba.de\/index.php\/wp-json\/wp\/v2\/types\/product"}],"replies":[{"embeddable":true,"href":"https:\/\/ebay.luba.de\/index.php\/wp-json\/wp\/v2\/comments?post=15011"}],"wp:featuredmedia":[{"embeddable":true,"href":"https:\/\/ebay.luba.de\/index.php\/wp-json\/wp\/v2\/media\/16082"}],"wp:attachment":[{"href":"https:\/\/ebay.luba.de\/index.php\/wp-json\/wp\/v2\/media?parent=15011"}],"wp:term":[{"taxonomy":"product_brand","embeddable":true,"href":"https:\/\/ebay.luba.de\/index.php\/wp-json\/wp\/v2\/product_brand?post=15011"},{"taxonomy":"product_cat","embeddable":true,"href":"https:\/\/ebay.luba.de\/index.php\/wp-json\/wp\/v2\/product_cat?post=15011"},{"taxonomy":"product_tag","embeddable":true,"href":"https:\/\/ebay.luba.de\/index.php\/wp-json\/wp\/v2\/product_tag?post=15011"}],"curies":[{"name":"wp","href":"https:\/\/api.w.org\/{rel}","templated":true}]}}