{"id":14968,"date":"2020-12-06T15:52:04","date_gmt":"2020-12-06T15:52:04","guid":{"rendered":"https:\/\/ebay.luba.de\/index.php\/product\/milchglasschussel-kitchenaid-4-83-liter-5k5gbf\/"},"modified":"2021-05-18T06:51:10","modified_gmt":"2021-05-18T06:51:10","slug":"milchglasschussel-kitchenaid-4-83-liter-5k5gbf","status":"publish","type":"product","link":"https:\/\/ebay.luba.de\/index.php\/product\/milchglasschussel-kitchenaid-4-83-liter-5k5gbf\/","title":{"rendered":"Milchglassch\u00fcssel KitchenAid 4, 83 Liter 5K5GBF"},"content":{"rendered":"<p>Die Sch\u00fcssel hat eine F\u00fcllmenge von 4,8 Liter.<\/p>\n","protected":false},"excerpt":{"rendered":"<p>Die Sch\u00fcssel hat eine F\u00fcllmenge von 4,8 Liter.<\/p>\n","protected":false},"featured_media":15960,"comment_status":"closed","ping_status":"open","template":"","meta":[],"product_brand":[],"product_cat":[242,202,203],"product_tag":[],"class_list":{"0":"post-14968","1":"product","2":"type-product","3":"status-publish","4":"has-post-thumbnail","6":"product_cat-kitchenaid","7":"product_cat-kuchengerate-elektro","8":"product_cat-kuchenmaschinen-zubehor","10":"first","11":"outofstock","12":"taxable","13":"shipping-taxable","14":"purchasable","15":"product-type-simple"},"_links":{"self":[{"href":"https:\/\/ebay.luba.de\/index.php\/wp-json\/wp\/v2\/product\/14968","targetHints":{"allow":["GET"]}}],"collection":[{"href":"https:\/\/ebay.luba.de\/index.php\/wp-json\/wp\/v2\/product"}],"about":[{"href":"https:\/\/ebay.luba.de\/index.php\/wp-json\/wp\/v2\/types\/product"}],"replies":[{"embeddable":true,"href":"https:\/\/ebay.luba.de\/index.php\/wp-json\/wp\/v2\/comments?post=14968"}],"wp:featuredmedia":[{"embeddable":true,"href":"https:\/\/ebay.luba.de\/index.php\/wp-json\/wp\/v2\/media\/15960"}],"wp:attachment":[{"href":"https:\/\/ebay.luba.de\/index.php\/wp-json\/wp\/v2\/media?parent=14968"}],"wp:term":[{"taxonomy":"product_brand","embeddable":true,"href":"https:\/\/ebay.luba.de\/index.php\/wp-json\/wp\/v2\/product_brand?post=14968"},{"taxonomy":"product_cat","embeddable":true,"href":"https:\/\/ebay.luba.de\/index.php\/wp-json\/wp\/v2\/product_cat?post=14968"},{"taxonomy":"product_tag","embeddable":true,"href":"https:\/\/ebay.luba.de\/index.php\/wp-json\/wp\/v2\/product_tag?post=14968"}],"curies":[{"name":"wp","href":"https:\/\/api.w.org\/{rel}","templated":true}]}}