{"id":14949,"date":"2020-12-06T15:51:50","date_gmt":"2020-12-06T15:51:50","guid":{"rendered":"https:\/\/ebay.luba.de\/index.php\/product\/graef-wasserkocher-wk-61-eu-weis\/"},"modified":"2023-06-12T11:51:04","modified_gmt":"2023-06-12T11:51:04","slug":"graef-wasserkocher-wk-61-eu-weis","status":"publish","type":"product","link":"https:\/\/ebay.luba.de\/index.php\/product\/graef-wasserkocher-wk-61-eu-weis\/","title":{"rendered":"Graef Wasserkocher WK 61 EU, wei\u00df"},"content":{"rendered":"<p>Der Wasserkocher hat innen ein doppelwandiges Edelstahlgeh\u00e4use  und der \u00e4u\u00dfere Beh\u00e4lter ist aus Acryl. Mit 360\u00b0 Zentralkontakt, innen liegende F\u00fcllmengenmarkierung und \u00dcberhitzungsschutz, Deckel \u00f6ffnet auf Knopfdruck, herausnehmbarer Kalkfilter, Ein-\/Ausschalter mit Kontrolllampe, automatische Abschaltung, Lift-Off-Abschaltung, Basisstation mit Kabelaufwicklung. F\u00fcllmenge max. 1,5  Liter, Leistung 2150 Watt, Garantie 2 Jahre.<\/p>\n","protected":false},"excerpt":{"rendered":"<p>Der Wasserkocher hat innen ein doppelwandiges Edelstahlgeh\u00e4use und der \u00e4u\u00dfere Beh\u00e4lter ist aus Acryl. Mit 360\u00b0 Zentralkontakt, innen liegende F\u00fcllmengenmarkierung und \u00dcberhitzungsschutz, Deckel \u00f6ffnet auf Knopfdruck, herausnehmbarer Kalkfilter, Ein-\/Ausschalter mit Kontrolllampe, automatische Abschaltung, Lift-Off-Abschaltung, Basisstation mit Kabelaufwicklung. F\u00fcllmenge max. 1,5 Liter, Leistung 2150 Watt, Garantie 2 Jahre.<\/p>\n","protected":false},"featured_media":15941,"comment_status":"closed","ping_status":"open","template":"","meta":[],"product_brand":[],"product_cat":[202],"product_tag":[],"class_list":{"0":"post-14949","1":"product","2":"type-product","3":"status-publish","4":"has-post-thumbnail","6":"product_cat-kuchengerate-elektro","8":"first","9":"instock","10":"taxable","11":"shipping-taxable","12":"purchasable","13":"product-type-simple"},"_links":{"self":[{"href":"https:\/\/ebay.luba.de\/index.php\/wp-json\/wp\/v2\/product\/14949","targetHints":{"allow":["GET"]}}],"collection":[{"href":"https:\/\/ebay.luba.de\/index.php\/wp-json\/wp\/v2\/product"}],"about":[{"href":"https:\/\/ebay.luba.de\/index.php\/wp-json\/wp\/v2\/types\/product"}],"replies":[{"embeddable":true,"href":"https:\/\/ebay.luba.de\/index.php\/wp-json\/wp\/v2\/comments?post=14949"}],"wp:featuredmedia":[{"embeddable":true,"href":"https:\/\/ebay.luba.de\/index.php\/wp-json\/wp\/v2\/media\/15941"}],"wp:attachment":[{"href":"https:\/\/ebay.luba.de\/index.php\/wp-json\/wp\/v2\/media?parent=14949"}],"wp:term":[{"taxonomy":"product_brand","embeddable":true,"href":"https:\/\/ebay.luba.de\/index.php\/wp-json\/wp\/v2\/product_brand?post=14949"},{"taxonomy":"product_cat","embeddable":true,"href":"https:\/\/ebay.luba.de\/index.php\/wp-json\/wp\/v2\/product_cat?post=14949"},{"taxonomy":"product_tag","embeddable":true,"href":"https:\/\/ebay.luba.de\/index.php\/wp-json\/wp\/v2\/product_tag?post=14949"}],"curies":[{"name":"wp","href":"https:\/\/api.w.org\/{rel}","templated":true}]}}