{"id":14905,"date":"2020-12-06T15:51:17","date_gmt":"2020-12-06T15:51:17","guid":{"rendered":"https:\/\/ebay.luba.de\/index.php\/product\/waldner-getreidesilo-zirbe-fur-5-kg\/"},"modified":"2023-05-13T10:51:15","modified_gmt":"2023-05-13T10:51:15","slug":"waldner-getreidesilo-zirbe-fur-5-kg","status":"publish","type":"product","link":"https:\/\/ebay.luba.de\/index.php\/product\/waldner-getreidesilo-zirbe-fur-5-kg\/","title":{"rendered":"Waldner Getreidesilo Zirbe f\u00fcr 5 kg"},"content":{"rendered":"<p>Der Osttiroler Getreidesilo besteht aus massivem Zirbenholz. Fassungsverm\u00f6gen ca. 5 kg. Die Oberfl\u00e4che ist mit Wasserlack behandelt und abwischbar. Die Kunststoffscheiben k\u00f6nnen zum Reinigen herausgenommen werden.<\/p>\n","protected":false},"excerpt":{"rendered":"<p>Der Osttiroler Getreidesilo besteht aus massivem Zirbenholz. Fassungsverm\u00f6gen ca. 5 kg. Die Oberfl\u00e4che ist mit Wasserlack behandelt und abwischbar. Die Kunststoffscheiben k\u00f6nnen zum Reinigen herausgenommen werden.<\/p>\n","protected":false},"featured_media":15890,"comment_status":"closed","ping_status":"open","template":"","meta":[],"product_brand":[],"product_cat":[224,225,199],"product_tag":[],"class_list":{"0":"post-14905","1":"product","2":"type-product","3":"status-publish","4":"has-post-thumbnail","6":"product_cat-aufbewahrung","7":"product_cat-getreidespeicher","8":"product_cat-kuchenhelfer","10":"first","11":"instock","12":"taxable","13":"shipping-taxable","14":"purchasable","15":"product-type-simple"},"_links":{"self":[{"href":"https:\/\/ebay.luba.de\/index.php\/wp-json\/wp\/v2\/product\/14905","targetHints":{"allow":["GET"]}}],"collection":[{"href":"https:\/\/ebay.luba.de\/index.php\/wp-json\/wp\/v2\/product"}],"about":[{"href":"https:\/\/ebay.luba.de\/index.php\/wp-json\/wp\/v2\/types\/product"}],"replies":[{"embeddable":true,"href":"https:\/\/ebay.luba.de\/index.php\/wp-json\/wp\/v2\/comments?post=14905"}],"wp:featuredmedia":[{"embeddable":true,"href":"https:\/\/ebay.luba.de\/index.php\/wp-json\/wp\/v2\/media\/15890"}],"wp:attachment":[{"href":"https:\/\/ebay.luba.de\/index.php\/wp-json\/wp\/v2\/media?parent=14905"}],"wp:term":[{"taxonomy":"product_brand","embeddable":true,"href":"https:\/\/ebay.luba.de\/index.php\/wp-json\/wp\/v2\/product_brand?post=14905"},{"taxonomy":"product_cat","embeddable":true,"href":"https:\/\/ebay.luba.de\/index.php\/wp-json\/wp\/v2\/product_cat?post=14905"},{"taxonomy":"product_tag","embeddable":true,"href":"https:\/\/ebay.luba.de\/index.php\/wp-json\/wp\/v2\/product_tag?post=14905"}],"curies":[{"name":"wp","href":"https:\/\/api.w.org\/{rel}","templated":true}]}}