{"id":14895,"date":"2020-12-06T15:51:17","date_gmt":"2020-12-06T15:51:17","guid":{"rendered":"https:\/\/ebay.luba.de\/index.php\/product\/auffangschale-fur-3er-gestell-weis-eschenfelder\/"},"modified":"2023-04-25T11:51:05","modified_gmt":"2023-04-25T11:51:05","slug":"auffangschale-fur-3er-gestell-weis-eschenfelder","status":"publish","type":"product","link":"https:\/\/ebay.luba.de\/index.php\/product\/auffangschale-fur-3er-gestell-weis-eschenfelder\/","title":{"rendered":"Auffangschale f\u00fcr 3er-Gestell, wei\u00df Eschenfelder"},"content":{"rendered":"<p>Praktische, hochwertige Auffangschale f\u00fcr 3er Eschenfelder Edelstahlgestell und Sprossengl\u00e4ser IN Keramik, wei\u00df.<\/p>\n","protected":false},"excerpt":{"rendered":"<p>Praktische, hochwertige Auffangschale f\u00fcr 3er Eschenfelder Edelstahlgestell und Sprossengl\u00e4ser IN Keramik, wei\u00df.<\/p>\n","protected":false},"featured_media":15880,"comment_status":"closed","ping_status":"open","template":"","meta":[],"product_brand":[],"product_cat":[250,215],"product_tag":[],"class_list":{"0":"post-14895","1":"product","2":"type-product","3":"status-publish","4":"has-post-thumbnail","6":"product_cat-keimgerate","7":"product_cat-kuchengerate-handbetrieb","9":"first","10":"instock","11":"taxable","12":"shipping-taxable","13":"purchasable","14":"product-type-simple"},"_links":{"self":[{"href":"https:\/\/ebay.luba.de\/index.php\/wp-json\/wp\/v2\/product\/14895","targetHints":{"allow":["GET"]}}],"collection":[{"href":"https:\/\/ebay.luba.de\/index.php\/wp-json\/wp\/v2\/product"}],"about":[{"href":"https:\/\/ebay.luba.de\/index.php\/wp-json\/wp\/v2\/types\/product"}],"replies":[{"embeddable":true,"href":"https:\/\/ebay.luba.de\/index.php\/wp-json\/wp\/v2\/comments?post=14895"}],"wp:featuredmedia":[{"embeddable":true,"href":"https:\/\/ebay.luba.de\/index.php\/wp-json\/wp\/v2\/media\/15880"}],"wp:attachment":[{"href":"https:\/\/ebay.luba.de\/index.php\/wp-json\/wp\/v2\/media?parent=14895"}],"wp:term":[{"taxonomy":"product_brand","embeddable":true,"href":"https:\/\/ebay.luba.de\/index.php\/wp-json\/wp\/v2\/product_brand?post=14895"},{"taxonomy":"product_cat","embeddable":true,"href":"https:\/\/ebay.luba.de\/index.php\/wp-json\/wp\/v2\/product_cat?post=14895"},{"taxonomy":"product_tag","embeddable":true,"href":"https:\/\/ebay.luba.de\/index.php\/wp-json\/wp\/v2\/product_tag?post=14895"}],"curies":[{"name":"wp","href":"https:\/\/api.w.org\/{rel}","templated":true}]}}