{"id":14868,"date":"2020-12-06T15:51:05","date_gmt":"2020-12-06T15:51:05","guid":{"rendered":"https:\/\/ebay.luba.de\/index.php\/product\/kornkraft-vagabund-bunt\/"},"modified":"2023-06-13T11:51:05","modified_gmt":"2023-06-13T11:51:05","slug":"kornkraft-vagabund-bunt","status":"publish","type":"product","link":"https:\/\/ebay.luba.de\/index.php\/product\/kornkraft-vagabund-bunt\/","title":{"rendered":"Kornkraft Vagabund bunt"},"content":{"rendered":"<p>Ob als Zweit- oder als Einstiegsm\u00fchle, ob im Rucksack oder in der Aktentasche &#8211; die kommt mit. F\u00fcr M\u00fcsli oder auch mal f\u00fcr feines Mehl, h\u00e4lt das kleine Energieb\u00fcndel jedem Test stand und mahlt alle Getreidesorten &#8211; au\u00dfer Mais &#8211; im Handumdrehen. \u00d6lsaaten nur unter Beimischung von Getreide. Gegen\u00fcber der Vagabund classic ist diese mit 3 farbigen Rillen am Mehlbeh\u00e4lter und einer farbigen Rille am Kurbelknauf. Geh\u00e4use: Buche, Oberfl\u00e4che: Mit biologischem Auro-Bienenwachsbalsam behandelt, Leistung: Grob: 80 Gramm Weizen\/Minute (entspricht zwei Portionen M\u00fcsli), Fein: 25 Gramm Weizen \/ Minute, F\u00fcllmenge: 150 Gramm Ma\u00dfe: H\u00f6he: 35 cm, Durchmesser: 7,5 cm, Kurbelradius: 11 cm, Gewicht: 650 Gramm, Garantie: 10 Jahre.<\/p>\n","protected":false},"excerpt":{"rendered":"<p>Ob als Zweit- oder als Einstiegsm\u00fchle, ob im Rucksack oder in der Aktentasche &#8211; die kommt mit. F\u00fcr M\u00fcsli oder auch mal f\u00fcr feines Mehl, h\u00e4lt das kleine Energieb\u00fcndel jedem Test stand und mahlt alle Getreidesorten &#8211; au\u00dfer Mais &#8211; im Handumdrehen. \u00d6lsaaten nur unter Beimischung von Getreide. Gegen\u00fcber der Vagabund classic ist diese mit [&hellip;]<\/p>\n","protected":false},"featured_media":15853,"comment_status":"closed","ping_status":"open","template":"","meta":[],"product_brand":[],"product_cat":[218,231,215],"product_tag":[],"class_list":{"0":"post-14868","1":"product","2":"type-product","3":"status-publish","4":"has-post-thumbnail","6":"product_cat-getreidemuhlen","7":"product_cat-handbetrieben","8":"product_cat-kuchengerate-handbetrieb","10":"first","11":"outofstock","12":"taxable","13":"shipping-taxable","14":"purchasable","15":"product-type-simple"},"_links":{"self":[{"href":"https:\/\/ebay.luba.de\/index.php\/wp-json\/wp\/v2\/product\/14868","targetHints":{"allow":["GET"]}}],"collection":[{"href":"https:\/\/ebay.luba.de\/index.php\/wp-json\/wp\/v2\/product"}],"about":[{"href":"https:\/\/ebay.luba.de\/index.php\/wp-json\/wp\/v2\/types\/product"}],"replies":[{"embeddable":true,"href":"https:\/\/ebay.luba.de\/index.php\/wp-json\/wp\/v2\/comments?post=14868"}],"wp:featuredmedia":[{"embeddable":true,"href":"https:\/\/ebay.luba.de\/index.php\/wp-json\/wp\/v2\/media\/15853"}],"wp:attachment":[{"href":"https:\/\/ebay.luba.de\/index.php\/wp-json\/wp\/v2\/media?parent=14868"}],"wp:term":[{"taxonomy":"product_brand","embeddable":true,"href":"https:\/\/ebay.luba.de\/index.php\/wp-json\/wp\/v2\/product_brand?post=14868"},{"taxonomy":"product_cat","embeddable":true,"href":"https:\/\/ebay.luba.de\/index.php\/wp-json\/wp\/v2\/product_cat?post=14868"},{"taxonomy":"product_tag","embeddable":true,"href":"https:\/\/ebay.luba.de\/index.php\/wp-json\/wp\/v2\/product_tag?post=14868"}],"curies":[{"name":"wp","href":"https:\/\/api.w.org\/{rel}","templated":true}]}}