{"id":14867,"date":"2020-12-06T15:51:05","date_gmt":"2020-12-06T15:51:05","guid":{"rendered":"https:\/\/ebay.luba.de\/index.php\/product\/tischbefestigung-kornkraft-fabula\/"},"modified":"2023-08-04T11:51:06","modified_gmt":"2023-08-04T11:51:06","slug":"tischbefestigung-kornkraft-fabula","status":"publish","type":"product","link":"https:\/\/ebay.luba.de\/index.php\/product\/tischbefestigung-kornkraft-fabula\/","title":{"rendered":"Tischbefestigung Kornkraft Fabula"},"content":{"rendered":"<p>Die Tischbefestigung aus Buche zur Kornkraft Fabula wird am Tisch mittels einer Zwinge montiert. Die M\u00fchle kann durch L\u00f6sen der Klemmschraube entnommen werden, so k\u00f6nnen Sie auch jederzeit ohne Tischbefestigung mahlen. Ma\u00dfe L\/B\/H ca. 17,5\/14\/2,5 cm.<\/p>\n","protected":false},"excerpt":{"rendered":"<p>Die Tischbefestigung aus Buche zur Kornkraft Fabula wird am Tisch mittels einer Zwinge montiert. Die M\u00fchle kann durch L\u00f6sen der Klemmschraube entnommen werden, so k\u00f6nnen Sie auch jederzeit ohne Tischbefestigung mahlen. Ma\u00dfe L\/B\/H ca. 17,5\/14\/2,5 cm.<\/p>\n","protected":false},"featured_media":15852,"comment_status":"closed","ping_status":"open","template":"","meta":[],"product_brand":[],"product_cat":[218,231,215],"product_tag":[],"class_list":{"0":"post-14867","1":"product","2":"type-product","3":"status-publish","4":"has-post-thumbnail","6":"product_cat-getreidemuhlen","7":"product_cat-handbetrieben","8":"product_cat-kuchengerate-handbetrieb","10":"first","11":"instock","12":"taxable","13":"shipping-taxable","14":"purchasable","15":"product-type-simple"},"_links":{"self":[{"href":"https:\/\/ebay.luba.de\/index.php\/wp-json\/wp\/v2\/product\/14867","targetHints":{"allow":["GET"]}}],"collection":[{"href":"https:\/\/ebay.luba.de\/index.php\/wp-json\/wp\/v2\/product"}],"about":[{"href":"https:\/\/ebay.luba.de\/index.php\/wp-json\/wp\/v2\/types\/product"}],"replies":[{"embeddable":true,"href":"https:\/\/ebay.luba.de\/index.php\/wp-json\/wp\/v2\/comments?post=14867"}],"wp:featuredmedia":[{"embeddable":true,"href":"https:\/\/ebay.luba.de\/index.php\/wp-json\/wp\/v2\/media\/15852"}],"wp:attachment":[{"href":"https:\/\/ebay.luba.de\/index.php\/wp-json\/wp\/v2\/media?parent=14867"}],"wp:term":[{"taxonomy":"product_brand","embeddable":true,"href":"https:\/\/ebay.luba.de\/index.php\/wp-json\/wp\/v2\/product_brand?post=14867"},{"taxonomy":"product_cat","embeddable":true,"href":"https:\/\/ebay.luba.de\/index.php\/wp-json\/wp\/v2\/product_cat?post=14867"},{"taxonomy":"product_tag","embeddable":true,"href":"https:\/\/ebay.luba.de\/index.php\/wp-json\/wp\/v2\/product_tag?post=14867"}],"curies":[{"name":"wp","href":"https:\/\/api.w.org\/{rel}","templated":true}]}}