{"id":14860,"date":"2020-12-06T15:50:53","date_gmt":"2020-12-06T15:50:53","guid":{"rendered":"https:\/\/ebay.luba.de\/index.php\/product\/hawos-oktini\/"},"modified":"2023-09-26T06:51:11","modified_gmt":"2023-09-26T06:51:11","slug":"hawos-oktini","status":"publish","type":"product","link":"https:\/\/ebay.luba.de\/index.php\/product\/hawos-oktini\/","title":{"rendered":"hawos Oktini"},"content":{"rendered":"<p>Acht Ecken &#8211; acht gute Gr\u00fcnde! 1 Massives Geh\u00e4use aus offenporig ge\u00f6lter massiver Buche 2 Aufregendes Design &#8211; ein Blickfang f\u00fcr Jahrzehnte 3 Kinderleichte Einhandbedienung 4 Robuster und leistungsstarker Industriemotor 5 Korund-Keramik-Mahlwerk mit 70 mm Durchmesser 6 Gute Mahlleistung bei niedriger Ger\u00e4uschentwicklung 7 Extrem solide Verarbeitung aller Teile 8 Zehn Jahre Garantie und exzellenter Service. Motorleistung: 360 Watt &#8211; Ma\u00dfe: H 335 x B 190 x T 190 mm Haus &amp; Garten Test 02\/2012, Testurteil gut 1,7, 5 M\u00fchlen im Test: 2 x Sehr gut, 2 x Gut, 1 x Ausreichend TESTMAGAZIN-Urteil 03\/2010, Testurteil gut 91,7%, 8 M\u00fchlen im Test: 1 x Sehr gut, 6 x Gut, 1 x Befriedigend<\/p>\n","protected":false},"excerpt":{"rendered":"<p>[message_box] Wegen hoher COVID-19 Nachfrage und geschlossener Produktionsst\u00e4tte vorerst nicht lieferbar! [\/message_box]<\/p>\n<p>&nbsp;<\/p>\n","protected":false},"featured_media":15843,"comment_status":"closed","ping_status":"open","template":"","meta":[],"product_brand":[],"product_cat":[222,202],"product_tag":[],"class_list":{"0":"post-14860","1":"product","2":"type-product","3":"status-publish","4":"has-post-thumbnail","6":"product_cat-getreidemuhlen-kuchengerate-elektro","7":"product_cat-kuchengerate-elektro","9":"first","10":"outofstock","11":"taxable","12":"shipping-taxable","13":"purchasable","14":"product-type-simple"},"_links":{"self":[{"href":"https:\/\/ebay.luba.de\/index.php\/wp-json\/wp\/v2\/product\/14860","targetHints":{"allow":["GET"]}}],"collection":[{"href":"https:\/\/ebay.luba.de\/index.php\/wp-json\/wp\/v2\/product"}],"about":[{"href":"https:\/\/ebay.luba.de\/index.php\/wp-json\/wp\/v2\/types\/product"}],"replies":[{"embeddable":true,"href":"https:\/\/ebay.luba.de\/index.php\/wp-json\/wp\/v2\/comments?post=14860"}],"wp:featuredmedia":[{"embeddable":true,"href":"https:\/\/ebay.luba.de\/index.php\/wp-json\/wp\/v2\/media\/15843"}],"wp:attachment":[{"href":"https:\/\/ebay.luba.de\/index.php\/wp-json\/wp\/v2\/media?parent=14860"}],"wp:term":[{"taxonomy":"product_brand","embeddable":true,"href":"https:\/\/ebay.luba.de\/index.php\/wp-json\/wp\/v2\/product_brand?post=14860"},{"taxonomy":"product_cat","embeddable":true,"href":"https:\/\/ebay.luba.de\/index.php\/wp-json\/wp\/v2\/product_cat?post=14860"},{"taxonomy":"product_tag","embeddable":true,"href":"https:\/\/ebay.luba.de\/index.php\/wp-json\/wp\/v2\/product_tag?post=14860"}],"curies":[{"name":"wp","href":"https:\/\/api.w.org\/{rel}","templated":true}]}}