{"id":14807,"date":"2020-12-06T15:50:18","date_gmt":"2020-12-06T15:50:18","guid":{"rendered":"https:\/\/ebay.luba.de\/index.php\/product\/culina-maximahl-motorblock-480-watt\/"},"modified":"2023-05-31T08:51:05","modified_gmt":"2023-05-31T08:51:05","slug":"culina-maximahl-motorblock-480-watt","status":"publish","type":"product","link":"https:\/\/ebay.luba.de\/index.php\/product\/culina-maximahl-motorblock-480-watt\/","title":{"rendered":"Culina (MaxiMahl) Motorblock, 480 Watt"},"content":{"rendered":"<p>Der Motor ist stufenlos und hat einen Momentschalter f\u00fcr Kraftantrieb (max. Stufe 1 = 140 U\/min.) und Schnellantrieb (max. Stufe 8 = 17.900 U\/min.) Der Motor schafft auch gr\u00f6\u00dfere Haushaltsmengen v\u00f6llig problemlos. Geeignet f\u00fcr eine Vielzahl von Aufs\u00e4tzen: Getreidemahlvorsatz, Knet- und R\u00fchrwerk, Mixer, Zitruspresse, Fleischwolf und vieles mehr.<\/p>\n","protected":false},"excerpt":{"rendered":"<p>Der Motor ist stufenlos und hat einen Momentschalter f\u00fcr Kraftantrieb (max. Stufe 1 = 140 U\/min.) und Schnellantrieb (max. Stufe 8 = 17.900 U\/min.) Der Motor schafft auch gr\u00f6\u00dfere Haushaltsmengen v\u00f6llig problemlos. Geeignet f\u00fcr eine Vielzahl von Aufs\u00e4tzen: Getreidemahlvorsatz, Knet- und R\u00fchrwerk, Mixer, Zitruspresse, Fleischwolf und vieles mehr.<\/p>\n","protected":false},"featured_media":15752,"comment_status":"closed","ping_status":"open","template":"","meta":[],"product_brand":[],"product_cat":[202,238,239],"product_tag":[],"class_list":{"0":"post-14807","1":"product","2":"type-product","3":"status-publish","4":"has-post-thumbnail","6":"product_cat-kuchengerate-elektro","7":"product_cat-kuchenmaschinen","8":"product_cat-motorblock","10":"first","11":"instock","12":"taxable","13":"shipping-taxable","14":"purchasable","15":"product-type-simple"},"_links":{"self":[{"href":"https:\/\/ebay.luba.de\/index.php\/wp-json\/wp\/v2\/product\/14807","targetHints":{"allow":["GET"]}}],"collection":[{"href":"https:\/\/ebay.luba.de\/index.php\/wp-json\/wp\/v2\/product"}],"about":[{"href":"https:\/\/ebay.luba.de\/index.php\/wp-json\/wp\/v2\/types\/product"}],"replies":[{"embeddable":true,"href":"https:\/\/ebay.luba.de\/index.php\/wp-json\/wp\/v2\/comments?post=14807"}],"wp:featuredmedia":[{"embeddable":true,"href":"https:\/\/ebay.luba.de\/index.php\/wp-json\/wp\/v2\/media\/15752"}],"wp:attachment":[{"href":"https:\/\/ebay.luba.de\/index.php\/wp-json\/wp\/v2\/media?parent=14807"}],"wp:term":[{"taxonomy":"product_brand","embeddable":true,"href":"https:\/\/ebay.luba.de\/index.php\/wp-json\/wp\/v2\/product_brand?post=14807"},{"taxonomy":"product_cat","embeddable":true,"href":"https:\/\/ebay.luba.de\/index.php\/wp-json\/wp\/v2\/product_cat?post=14807"},{"taxonomy":"product_tag","embeddable":true,"href":"https:\/\/ebay.luba.de\/index.php\/wp-json\/wp\/v2\/product_tag?post=14807"}],"curies":[{"name":"wp","href":"https:\/\/api.w.org\/{rel}","templated":true}]}}