{"id":14799,"date":"2020-12-06T15:50:06","date_gmt":"2020-12-06T15:50:06","guid":{"rendered":"https:\/\/ebay.luba.de\/index.php\/product\/hawos-muhle-1-10-jahre-garantie\/"},"modified":"2023-09-26T06:51:10","modified_gmt":"2023-09-26T06:51:10","slug":"hawos-muhle-1-10-jahre-garantie","status":"publish","type":"product","link":"https:\/\/ebay.luba.de\/index.php\/product\/hawos-muhle-1-10-jahre-garantie\/","title":{"rendered":"hawos M\u00fchle 1 &#8211; 10 Jahre Garantie &#8211;"},"content":{"rendered":"<p>Meisterliche und hochwertige Massivholzverarbeitung machen hawos M1 und M2 zu langlebigen M\u00fchlen mit h\u00f6chstem Mahlkomfort und leistungsstarkem Innenleben: Das modulare Geh\u00e4use mit bew\u00e4hrten, robusten Materialien entspricht hochwertiger hawos-M\u00fchlentechnik; massives, mit Lein\u00f6lfirnis behandeltes Buchenholz sorgt f\u00fcr einen gl\u00e4nzenden Auftritt in jeder K\u00fcche. M\u00fchle 1: Mahlleistung bei Einstellung &#8220;fein&#8221;: ca. 125 g\/min. Robuste Mahlsteine, 100 mm \u00f8, Korund\/Keramik, selbstnachsch\u00e4rfend. Motorleistung: 360 Watt &#8211; Ma\u00dfe: H 385 x B 210 x T 210 mm<\/p>\n","protected":false},"excerpt":{"rendered":"<p>Meisterliche und hochwertige Massivholzverarbeitung machen hawos M1 und M2 zu langlebigen M\u00fchlen mit h\u00f6chstem Mahlkomfort und leistungsstarkem Innenleben: Das modulare Geh\u00e4use mit bew\u00e4hrten, robusten Materialien entspricht hochwertiger hawos-M\u00fchlentechnik; massives, mit Lein\u00f6lfirnis behandeltes Buchenholz sorgt f\u00fcr einen gl\u00e4nzenden Auftritt in jeder K\u00fcche. M\u00fchle 1: Mahlleistung bei Einstellung &#8220;fein&#8221;: ca. 125 g\/min. Robuste Mahlsteine, 100 mm \u00f8, [&hellip;]<\/p>\n","protected":false},"featured_media":15744,"comment_status":"closed","ping_status":"open","template":"","meta":[],"product_brand":[],"product_cat":[223,222,202],"product_tag":[],"class_list":{"0":"post-14799","1":"product","2":"type-product","3":"status-publish","4":"has-post-thumbnail","6":"product_cat-elektrisch","7":"product_cat-getreidemuhlen-kuchengerate-elektro","8":"product_cat-kuchengerate-elektro","10":"first","11":"instock","12":"taxable","13":"shipping-taxable","14":"purchasable","15":"product-type-simple"},"_links":{"self":[{"href":"https:\/\/ebay.luba.de\/index.php\/wp-json\/wp\/v2\/product\/14799","targetHints":{"allow":["GET"]}}],"collection":[{"href":"https:\/\/ebay.luba.de\/index.php\/wp-json\/wp\/v2\/product"}],"about":[{"href":"https:\/\/ebay.luba.de\/index.php\/wp-json\/wp\/v2\/types\/product"}],"replies":[{"embeddable":true,"href":"https:\/\/ebay.luba.de\/index.php\/wp-json\/wp\/v2\/comments?post=14799"}],"wp:featuredmedia":[{"embeddable":true,"href":"https:\/\/ebay.luba.de\/index.php\/wp-json\/wp\/v2\/media\/15744"}],"wp:attachment":[{"href":"https:\/\/ebay.luba.de\/index.php\/wp-json\/wp\/v2\/media?parent=14799"}],"wp:term":[{"taxonomy":"product_brand","embeddable":true,"href":"https:\/\/ebay.luba.de\/index.php\/wp-json\/wp\/v2\/product_brand?post=14799"},{"taxonomy":"product_cat","embeddable":true,"href":"https:\/\/ebay.luba.de\/index.php\/wp-json\/wp\/v2\/product_cat?post=14799"},{"taxonomy":"product_tag","embeddable":true,"href":"https:\/\/ebay.luba.de\/index.php\/wp-json\/wp\/v2\/product_tag?post=14799"}],"curies":[{"name":"wp","href":"https:\/\/api.w.org\/{rel}","templated":true}]}}