{"id":14752,"date":"2020-12-06T15:49:16","date_gmt":"2020-12-06T15:49:16","guid":{"rendered":"https:\/\/ebay.luba.de\/index.php\/product\/ruhr-und-knetwerk-rk-fur-culina\/"},"modified":"2023-03-22T08:51:04","modified_gmt":"2023-03-22T08:51:04","slug":"ruhr-und-knetwerk-rk-fur-culina","status":"publish","type":"product","link":"https:\/\/ebay.luba.de\/index.php\/product\/ruhr-und-knetwerk-rk-fur-culina\/","title":{"rendered":"R\u00fchr- und Knetwerk (RK) f\u00fcr Culina"},"content":{"rendered":"<p>Das Knet- und R\u00fchrwerk verarbeitet alle Schlag- und R\u00fchrteige sowie feste Teige. Die Kombination beweglicher und fester Knethaken garantiert eine hervorragende Teigverarbeitung. Dieses Komplett-Set besteht aus R\u00fchrsch\u00fcssel mit Deckel, Antriebsstab, Knethaken, Schneebesen und Teigschneider.<\/p>\n","protected":false},"excerpt":{"rendered":"<p>Das Knet- und R\u00fchrwerk verarbeitet alle Schlag- und R\u00fchrteige sowie feste Teige. Die Kombination beweglicher und fester Knethaken garantiert eine hervorragende Teigverarbeitung. Dieses Komplett-Set besteht aus R\u00fchrsch\u00fcssel mit Deckel, Antriebsstab, Knethaken, Schneebesen und Teigschneider.<\/p>\n","protected":false},"featured_media":15650,"comment_status":"closed","ping_status":"open","template":"","meta":[],"product_brand":[],"product_cat":[202,203,204],"product_tag":[],"class_list":{"0":"post-14752","1":"product","2":"type-product","3":"status-publish","4":"has-post-thumbnail","6":"product_cat-kuchengerate-elektro","7":"product_cat-kuchenmaschinen-zubehor","8":"product_cat-messerschmidt","10":"first","11":"instock","12":"taxable","13":"shipping-taxable","14":"purchasable","15":"product-type-simple"},"_links":{"self":[{"href":"https:\/\/ebay.luba.de\/index.php\/wp-json\/wp\/v2\/product\/14752","targetHints":{"allow":["GET"]}}],"collection":[{"href":"https:\/\/ebay.luba.de\/index.php\/wp-json\/wp\/v2\/product"}],"about":[{"href":"https:\/\/ebay.luba.de\/index.php\/wp-json\/wp\/v2\/types\/product"}],"replies":[{"embeddable":true,"href":"https:\/\/ebay.luba.de\/index.php\/wp-json\/wp\/v2\/comments?post=14752"}],"wp:featuredmedia":[{"embeddable":true,"href":"https:\/\/ebay.luba.de\/index.php\/wp-json\/wp\/v2\/media\/15650"}],"wp:attachment":[{"href":"https:\/\/ebay.luba.de\/index.php\/wp-json\/wp\/v2\/media?parent=14752"}],"wp:term":[{"taxonomy":"product_brand","embeddable":true,"href":"https:\/\/ebay.luba.de\/index.php\/wp-json\/wp\/v2\/product_brand?post=14752"},{"taxonomy":"product_cat","embeddable":true,"href":"https:\/\/ebay.luba.de\/index.php\/wp-json\/wp\/v2\/product_cat?post=14752"},{"taxonomy":"product_tag","embeddable":true,"href":"https:\/\/ebay.luba.de\/index.php\/wp-json\/wp\/v2\/product_tag?post=14752"}],"curies":[{"name":"wp","href":"https:\/\/api.w.org\/{rel}","templated":true}]}}