{"id":14726,"date":"2020-12-06T15:48:54","date_gmt":"2020-12-06T15:48:54","guid":{"rendered":"https:\/\/ebay.luba.de\/index.php\/product\/berweger-dinkel-das-gesunde-getreide\/"},"modified":"2023-08-28T11:51:06","modified_gmt":"2023-08-28T11:51:06","slug":"berweger-dinkel-das-gesunde-getreide","status":"publish","type":"product","link":"https:\/\/ebay.luba.de\/index.php\/product\/berweger-dinkel-das-gesunde-getreide\/","title":{"rendered":"Berweger, Dinkel &#8211; Das gesunde Getreide"},"content":{"rendered":"<p>Alles \u00fcber Dinkel. Das legend\u00e4re Getreide Jahrtausendelang war Dinkel in unseren Breiten das wichtigste Getreide. Heute gewinnt er mehr und mehr Freunde, weil er unsch\u00e4tzbare Vorteile hat: &#8211; Er ist robust, &#8230; &#8211; Er schmeckt aber auch vorz\u00fcglich und sein typischer Geschmack bereichert Vorspeisen, &#8230; &#8211; Dinkel macht fit: Er ist widerstandsf\u00e4hig gegen Umweltgifte, reich an Eiwei\u00df- &#8230; &#8211; Sogar die Spreu l\u00e4sst sich gesundheitlich wohltuend verwenden: In Kissen gef\u00fcllt &#8230;<\/p>\n","protected":false},"excerpt":{"rendered":"<p>Alles \u00fcber Dinkel. Das legend\u00e4re Getreide Jahrtausendelang war Dinkel in unseren Breiten das wichtigste Getreide. Heute gewinnt er mehr und mehr Freunde, weil er unsch\u00e4tzbare Vorteile hat: &#8211; Er ist robust, &#8230; &#8211; Er schmeckt aber auch vorz\u00fcglich und sein typischer Geschmack bereichert Vorspeisen, &#8230; &#8211; Dinkel macht fit: Er ist widerstandsf\u00e4hig gegen Umweltgifte, reich [&hellip;]<\/p>\n","protected":false},"featured_media":15624,"comment_status":"closed","ping_status":"open","template":"","meta":[],"product_brand":[],"product_cat":[186,197],"product_tag":[],"class_list":{"0":"post-14726","1":"product","2":"type-product","3":"status-publish","4":"has-post-thumbnail","6":"product_cat-bucher","7":"product_cat-kochen-backen-vollwert","9":"first","10":"instock","11":"taxable","12":"shipping-taxable","13":"purchasable","14":"product-type-simple"},"_links":{"self":[{"href":"https:\/\/ebay.luba.de\/index.php\/wp-json\/wp\/v2\/product\/14726","targetHints":{"allow":["GET"]}}],"collection":[{"href":"https:\/\/ebay.luba.de\/index.php\/wp-json\/wp\/v2\/product"}],"about":[{"href":"https:\/\/ebay.luba.de\/index.php\/wp-json\/wp\/v2\/types\/product"}],"replies":[{"embeddable":true,"href":"https:\/\/ebay.luba.de\/index.php\/wp-json\/wp\/v2\/comments?post=14726"}],"wp:featuredmedia":[{"embeddable":true,"href":"https:\/\/ebay.luba.de\/index.php\/wp-json\/wp\/v2\/media\/15624"}],"wp:attachment":[{"href":"https:\/\/ebay.luba.de\/index.php\/wp-json\/wp\/v2\/media?parent=14726"}],"wp:term":[{"taxonomy":"product_brand","embeddable":true,"href":"https:\/\/ebay.luba.de\/index.php\/wp-json\/wp\/v2\/product_brand?post=14726"},{"taxonomy":"product_cat","embeddable":true,"href":"https:\/\/ebay.luba.de\/index.php\/wp-json\/wp\/v2\/product_cat?post=14726"},{"taxonomy":"product_tag","embeddable":true,"href":"https:\/\/ebay.luba.de\/index.php\/wp-json\/wp\/v2\/product_tag?post=14726"}],"curies":[{"name":"wp","href":"https:\/\/api.w.org\/{rel}","templated":true}]}}